 299843?
3
What is the billions digit of 1602984790?
1
What is the billions digit of 1188410006?
1
What is the tens digit of 16176529?
2
What is the hundred millions digit of 1813238851?
8
What is the ten millions digit of 103841996?
0
What is the ten thousands digit of 23817795?
1
What is the ten millions digit of 419165654?
1
What is the thousands digit of 59822028?
2
What is the tens digit of 154339925?
2
What is the hundred thousands digit of 35855103?
8
What is the units digit of 92941573?
3
What is the ten thousands digit of 200843944?
4
What is the millions digit of 88516947?
8
What is the ten millions digit of 63532208?
6
What is the millions digit of 954032802?
4
What is the hundred thousands digit of 1204962491?
9
What is the units digit of 5047093558?
8
What is the hundred thousands digit of 145815971?
8
What is the tens digit of 192622486?
8
What is the hundreds digit of 2854181?
1
What is the tens digit of 462750598?
9
What is the hundred thousands digit of 407902959?
9
What is the billions digit of 1426620065?
1
What is the millions digit of 3899225?
3
What is the ten millions digit of 93586064?
9
What is the hundred millions digit of 5880059264?
8
What is the tens digit of 215611038?
3
What is the hundreds digit of 44918072?
0
What is the hundred thousands digit of 33915835?
9
What is the tens digit of 52098562?
6
What is the hundred thousands digit of 813959220?
9
What is the hundred thousands digit of 320169427?
1
What is the millions digit of 217943995?
7
What is the ten thousands digit of 10484995?
8
What is the hundred millions digit of 341528093?
3
What is the tens digit of 123320207?
0
What is the units digit of 571070040?
0
What is the ten thousands digit of 56136447?
3
What is the units digit of 60230125?
5
What is the hundred thousands digit of 7005300099?
3
What is the units digit of 85827690?
0
What is the thousands digit of 133879081?
9
What is the hundred millions digit of 324091781?
3
What is the hundred thousands digit of 1145187870?
1
What is the thousands digit of 113906357?
6
What is the tens digit of 160651270?
7
What is the ten millions digit of 144029694?
4
What is the hundred thousands digit of 241537323?
5
What is the ten millions digit of 43295967?
4
What is the ten thousands digit of 96274235?
7
What is the ten millions digit of 43841233?
4
What is the thousands digit of 85712651?
2
What is the thousands digit of 507507462?
7
What is the tens digit of 5473704?
0
What is the hundred thousands digit of 68410447?
4
What is the tens digit of 105230579?
7
What is the hundreds digit of 305691270?
2
What is the hundreds digit of 142787519?
5
What is the millions digit of 46573778?
6
What is the hundreds digit of 85922017?
0
What is the ten thousands digit of 9664611?
6
What is the thousands digit of 569126576?
6
What is the hundred thousands digit of 130987718?
9
What is the thousands digit of 153879717?
9
What is the ten thousands digit of 22012429?
1
What is the hundred millions digit of 242704357?
2
What is the ten millions digit of 43978318?
4
What is the thousands digit of 137703173?
3
What is the ten thousands digit of 488295179?
9
What is the ten millions digit of 1615242078?
1
What is the hundreds digit of 1764385?
3
What is the ten thousands digit of 1378642163?
4
What is the hundred millions digit of 3409667064?
4
What is the hundred thousands digit of 183922663?
9
What is the billions digit of 1312796134?
1
What is the ten millions digit of 1702372810?
0
What is the thousands digit of 74552103?
2
What is the tens digit of 866525437?
3
What is the hundred millions digit of 414598390?
4
What is the ten thousands digit of 91307569?
0
What is the tens digit of 714468885?
8
What is the ten millions digit of 47430657?
4
What is the units digit of 866175397?
7
What is the millions digit of 47803607?
7
What is the millions digit of 50509905?
0
What is the thousands digit of 815088?
5
What is the billions digit of 1385457892?
1
What is the hundreds digit of 5242137?
1
What is the tens digit of 19789563?
6
What is the units digit of 421359987?
7
What is the hundreds digit of 29297662?
6
What is the hundreds digit of 191017943?
9
What is the ten millions digit of 93404660?
9
What is the billions digit of 2685065014?
2
What is the ten thousands digit of 182783820?
8
What is the hundred thousands digit of 1940938543?
9
What is the hundred millions digit of 446720179?
4
What is the billions digit of 1033541507?
1
What is the thousands digit of 334315991?
5
What is the thousands digit of 412939491?
9
What is the hundred millions digit of 2706882102?
7
What is the hundreds digit of 27126856?
8
What is the ten thousands digit of 1062491474?
9
What is the hundreds digit of 1327762047?
0
What is the millions digit of 809759979?
9
What is the hundreds digit of 459682036?
0
What is the billions digit of 2085250638?
2
What is the units digit of 20498043?
3
What is the ten millions digit of 479179808?
7
What is the units digit of 5688417?
7
What is the hundred millions digit of 533465886?
5
What is the hundreds digit of 90625448?
4
What is the ten millions digit of 5663098442?
6
What is the ten thousands digit of 385252079?
5
What is the hundred millions digit of 151930745?
1
What is the hundred thousands digit of 421801938?
8
What is the thousands digit of 306891770?
1
What is the ten thousands digit of 2593215836?
1
What is the millions digit of 8171213?
8
What is the hundreds digit of 145858988?
9
What is the tens digit of 136204794?
9
What is the billions digit of 1333449764?
1
What is the ten millions digit of 3142075415?
4
What is the tens digit of 941439424?
2
What is the billions digit of 4229282835?
4
What is the thousands digit of 268263619?
3
What is the ten thousands digit of 1708251635?
5
What is the millions digit of 1062494058?
2
What is the ten thousands digit of 18630390?
3
What is the tens digit of 467453184?
8
What is the tens digit of 441638880?
8
What is the hundreds digit of 267714647?
6
What is the hundreds digit of 78362058?
0
What is the tens digit of 2916280491?
9
What is the ten thousands digit of 64664625?
6
What is the hundreds digit of 276532833?
8
What is the ten thousands digit of 103138067?
3
What is the millions digit of 716086702?
6
What is the thousands digit of 410434857?
4
What is the thousands digit of 747574824?
4
What is the ten thousands digit of 237070133?
7
What is the thousands digit of 1949190451?
0
What is the hundred thousands digit of 324135203?
1
What is the tens digit of 66231048?
4
What is the ten thousands digit of 601643435?
4
What is the ten thousands digit of 69734725?
3
What is the tens digit of 22338955?
5
What is the hundreds digit of 50923392?
3
What is the ten millions digit of 25310709?
2
What is the hundred thousands digit of 57256738?
2
What is the millions digit of 522820227?
2
What is the millions digit of 271613485?
1
What is the tens digit of 252580014?
1
What is the ten thousands digit of 136583142?
8
What is the tens digit of 11599539?
3
What is the hundreds digit of 1754407119?
1
What is the hundred thousands digit of 481906590?
9
What is the thousands digit of 7511103870?
3
What is the hundred millions digit of 116673922?
1
What is the tens digit of 182579798?
9
What is the ten millions digit of 649671641?
4
What is the billions digit of 2614159503?
2
What is the units digit of 9773655?
5
What is the ten millions digit of 539910939?
3
What is the thousands digit of 105472234?
2
What is the hundreds digit of 1150541264?
2
What is the ten millions digit of 146496331?
4
What is the ten millions digit of 72934151?
7
What is the millions digit of 1801674155?
1
What is the units digit of 110748156?
6
What is the ten thousands digit of 347432431?
3
What is the hundreds digit of 195499331?
3
What is the thousands digit of 64865006?
5
What is the thousands digit of 83695507?
5
What is the hundred millions digit of 716375724?
7
What is the hundreds digit of 2248900105?
1
What is the tens digit of 4958136?
3
What is the units digit of 1737036248?
8
What is the millions digit of 173640872?
3
What is the ten millions digit of 107087496?
0
What is the millions digit of 632196656?
2
What is the millions digit of 5746544369?
6
What is the thousands digit of 7623